et c = 26 - 6. Suppose 3*g - 2*g + 1 = 0. Let t be (g - (-6)/1) + -1. Calculate the highest common factor of c and t.
4
Let v = -400 + 403. What is the highest common divisor of 123 and v?
3
Let w be 2 + 11/(-5) - (-2567)/85. Calculate the greatest common divisor of 2145 and w.
15
Suppose -17*f + 192 = -15*f. Let z be f/10 - 4/(-10). What is the highest common factor of 20 and z?
10
Let p(x) = -x**2 - 8*x + 13. Let v = -26 - -18. Let d be p(v). What is the highest common factor of 39 and d?
13
Suppose 3*z = -0*z. Suppose z = -4*s + 26 - 2. Let p be (-5)/(-2)*(-18)/(-3). What is the highest common factor of s and p?
3
Suppose 0 = -z + 2, z = 3*f + 6*z - 70. What is the highest common factor of 540 and f?
20
Suppose -i = -5*a + 124, 3*a + i - 13 - 55 = 0. Calculate the highest common divisor of 56 and a.
8
Suppose -i + 3*h + 6 + 2 = 0, 5*h + 6 = -2*i. Suppose -s - 4*s + 10 = 0. Calculate the greatest common divisor of i and s.
2
Suppose -4*j + 475 = s, 3*j + 5*s - 125 = 210. Let z be (1 - 3) + (17 - -2). Suppose z*c - 22*c = -j. Calculate the highest common divisor of 8 and c.
8
Suppose 724 = 3*y - v, 3*y + 3*v - 244 = 464. What is the highest common divisor of y and 150?
30
Suppose 5*a - 96 = 2*n, 0 = -2*a - 0*a + n + 38. Suppose 0*s + 51 = t - 4*s, -5*s = 3*t - 102. Let h = 89 - t. Calculate the highest common divisor of h and a.
10
Suppose -943*o + 946*o = 45. What is the highest common factor of o and 885?
15
Let s = 10 - 7. Suppose -2*j - 120 = -4*a, j + 104 = s*a + 3*j. Let i be (-6)/(1/((-4)/6)). What is the greatest common factor of i and a?
4
Let z = 155 + -75. Suppose 0 = 2*s + 2*s - 128. Calculate the greatest common divisor of z and s.
16
Let x = -79 - -18. Let k = x + 175. Calculate the greatest common divisor of 57 and k.
57
Let g(m) = 14*m + 138. Let x be g(-8). What is the greatest common factor of 403 and x?
13
Let s(o) = -2*o**2 + 95*o + 161. Let t be s(49). What is the highest common divisor of 406 and t?
14
Let c(f) = -f**3 - 8*f**2 + 9*f - 1. Let l be c(-9). Let u be -3 + (0 - l - -39). Let q = u + -26. What is the greatest common factor of q and 44?
11
Suppose -y + 1 + 1 = 0. Let o be 12*(-1 - (y/(-6) + -2)). Calculate the highest common divisor of 112 and o.
16
Suppose 0 = -2*t - 5*m + 38, 0 = -2*t - 8*m + 5*m + 30. Let w(g) = -26*g**3 + g**2 - g - 1. Let q be w(-1). What is the highest common factor of q and t?
9
Suppose 28 = -2*x + 4*x. Let f(n) = -17*n + 2. Let l be f(-8). Let j be 4/10 - l/(-5). Calculate the greatest common factor of x and j.
14
Let o = -2 + 4. Suppose 3*u = -q + 14, u + 4 = 3*q + o. Suppose 0 = 2*f - 4, u*i + 3*f - 87 + 21 = 0. What is the greatest common factor of i and 60?
15
Let l = -205 - -341. Let h(w) = -w**3 - 3*w**2 + 1. Let n be h(-4). What is the highest common divisor of n and l?
17
Suppose -5*u = -l - 129, 3*u + 2*l - 23 - 57 = 0. Suppose -3*j + 39 = 2*h - u, -5*h + 172 = -2*j. Calculate the greatest common factor of 51 and h.
17
Suppose -s + 346 = -32. Calculate the highest common factor of s and 42.
42
Suppose -j = 4*z - 128, z + 7 - 24 = -4*j. Let k = 47 - z. What is the highest common factor of k and 35?
7
Let c be 8 + -12 + -4 + 10. Let t = 16 + -8. Calculate the greatest common divisor of c and t.
2
Let i = -35 + 38. Suppose -3*t + i*w = -w - 93, 149 = 4*t + 3*w. Calculate the greatest common divisor of t and 5.
5
Let y(p) = 5*p**3 - p + 1. Let x be y(1). Suppose -13 = -x*h - 38. Let n be h/40 + 242/16. Calculate the greatest common divisor of n and 120.
15
Let g = -310 - -323. Let y = -56 + 82. Calculate the highest common factor of g and y.
13
Let o be -1 + 0 - (-6 - -3). Suppose 76 = o*w + 28. Suppose 0 = 7*t - 26 - 86. Calculate the highest common divisor of w and t.
8
Let d(b) = b**3 - 3*b**2 + 2. Let q be d(5). Suppose t - q = -15. Calculate the highest common factor of 407 and t.
37
Let r = 19 + -15. Suppose -c + 166 - 130 = 0. Calculate the greatest common factor of r and c.
4
Suppose 2 = 3*q + 17, 50 = 2*m + 2*q. Suppose -118 = -70*y + 582. What is the highest common factor of y and m?
10
Let a be ((-58)/4)/(1/(-2)). Suppose 4*v - 2*z - 110 = 0, 0 = -2*v - 26*z + 24*z + 64. Calculate the greatest common divisor of a and v.
29
Suppose -53 = -z + 145. Suppose 0*y = -4*t - 5*y + 8, 4*y + 2 = t. Suppose -t*s + 35 = -9. What is the greatest common factor of s and z?
22
Let k = 18 - -6. Suppose -2*n = -36 - k. Calculate the greatest common factor of n and 330.
30
Let u be (-6)/9*-11*3. Let g = -1001 + 1003. Calculate the highest common divisor of g and u.
2
Let o = -207 - -424. Let a be 5 + o + 0 + (-2 - 0). Calculate the greatest common divisor of a and 20.
20
Let s be 10/(-6)*(-5 - -6)*-3. Let c be (-2 + 1)*s*-11. What is the greatest common factor of c and 11?
11
Let s = -894 - -897. Let a(u) = 3*u. Let p be a(1). Calculate the highest common divisor of p and s.
3
Let a(q) = -q + 25. Let f be a(13). Suppose -m + f = -4. What is the highest common factor of m and 40?
8
Suppose -2*r + 69 + 169 = 0. Let f = r + -65. Let x = 66 - 30. What is the greatest common factor of x and f?
18
Let x be ((-12)/15)/((-2)/45). Let k = x - -30. Suppose 4*y - 44 = k. What is the highest common factor of 161 and y?
23
Let j be (12/(-15))/(38/(-475)). Calculate the highest common divisor of j and 370.
10
Let y = 41 + -72. Let g = -29 - y. Suppose -5*r + g*r + 30 = 0. What is the greatest common divisor of 25 and r?
5
Let s = -19 - -29. Let k = -40 - -42. Let a be ((-28)/(-14))/(k/(-1))*-10. Calculate the greatest common factor of a and s.
10
Let i(f) = 238*f**2 - 27*f - 21. Let a be i(3). What is the highest common divisor of 80 and a?
40
Let y(t) = 35*t - 1. Let p be y(1). Let j be 2/6 - p/(-6). Suppose -j*i + 285 = -i. Calculate the greatest common divisor of i and 19.
19
Let f(a) = 2*a**2 + a - 1. Let j be f(5). Suppose -i - 4 = -0*b + 3*b, 2*b - 2 = 0. Let h be (-40)/i + 14/49. What is the highest common divisor of h and j?
6
Suppose 126 = -12*j + 14*j. Calculate the highest common factor of j and 9.
9
Let r(z) = 15*z**2 + 4*z - 28. Let b be r(4). Calculate the greatest common divisor of 60 and b.
12
Suppose 0 = 12*d - 8*d - 296. Let g = d - -2. Let q = 188 - 74. What is the greatest common divisor of q and g?
38
Suppose 0 = 4*u - 3*m - 215, -2*u + m + 120 = -3*m. What is the greatest common divisor of 80 and u?
10
Let k be ((-16)/(-40))/(3/45). Suppose 5*c + 91 = 4*m, 2*m + 4*c + 0*c = 52. What is the highest common factor of m and k?
6
Suppose 0 = b - 7 - 5. What is the greatest common divisor of b and 12?
12
Let d be (-15 - 11)*(1 - (-1)/(-2)). Let a be (-164)/(-2) + (3 - 4). Let h = d + a. Calculate the greatest common divisor of 17 and h.
17
Let q(b) = 2*b**2 + 6*b - 13. Let c be q(-12). Calculate the greatest common factor of 58 and c.
29
Let r be (-1 - -1) + 38 + -3. Let h be (-20)/2*(-2)/1. Suppose 4*u = -o + 3*o + h, 0 = -5*u - 5*o + 55. Calculate the highest common factor of u and r.
7
Let t = -67 + 70. Suppose -t*x - 4*f = -72, 5*f = 3*f + 6. What is the greatest common factor of 10 and x?
10
Let o = -1539 - -1658. What is the greatest common divisor of 952 and o?
119
Let m be (-8)/(-44) + (-150)/(-22). Calculate the highest common factor of m and 679.
7
Let w = 51 - 15. Let v = -67 + w. Let j be 2 - 0 - (-3 + v). What is the highest common divisor of j and 9?
9
Let b be (3 - 14/6) + 3245/33. Calculate the highest common factor of 22 and b.
11
Let o = 845 + -761. What is the highest common factor of 56 and o?
28
Suppose 0 = 12*w - 4085 + 1301. What is the greatest common divisor of w and 1972?
116
Suppose -3*u + 45 = 15*g - 14*g, -4*g + 4*u = -100. What is the greatest common divisor of g and 10?
10
Let a be (-2)/4 - 169/(-26). Suppose o = -a + 9. Suppose -t = 3*b - 2 - 12, 34 = 3*b + 5*t. Calculate the highest common factor of o and b.
3
Let k = -111 - -175. Calculate the highest common divisor of k and 8.
8
Let a(k) = 4*k - 23. Let x be a(7). Suppose -x*o + 210 + 10 = 0. Calculate the highest common divisor of 4 and o.
4
Suppose -765 = -3*r - t, -3*r = -6*t + t - 765. What is the highest common divisor of r and 51?
51
Let l(u) = -8*u - 4. Let c be l(-5). Calculate the greatest common divisor of 180 and c.
36
Suppose 2*f + 0*f - 56 = 0. Let x(p) = 7*p + 12. Let a be x(4). Let m